undreds digit of (i/(-3))/(2/3)?
1
Suppose 258735 = 285*b - 276*b - 51234. What is the thousands digit of b?
4
Let d(x) = 175*x + 208. Let l(k) = k**3 - 6*k**2 + 14*k - 16. Let o be l(4). What is the hundreds digit of d(o)?
6
Let h be 34 - -10 - (-1 + -2). Let j = h + -45. Suppose -80 = -z + j. What is the units digit of z?
2
Suppose -93*r + r = -172718 - 894850. What is the ten thousands digit of r?
1
What is the thousands digit of (-11 + 50232/70)*10?
7
Let y(t) = 34*t + 27. Let c be y(-2). What is the hundreds digit of (1/(-7) - c/287) + 763?
7
Suppose 4*q + h = -h + 20, 2*h + 10 = 2*q. Let a be 73 + (10/(-25) - (-12)/q). Let x = a + 34. What is the hundreds digit of x?
1
Let f(j) = -136*j + 1518. What is the thousands digit of f(-44)?
7
Suppose -5*x + 0*w = -2*w + 119, 4*w + 38 = -2*x. Let g = x + 236. What is the units digit of g?
3
Let h = 43 - 33. Let b be 454/h + 16/(-40). Let d = b + -30. What is the units digit of d?
5
Let b be 0 - (-2)/(-2) - 46. Suppose -5*r + 3*r - 4*o - 218 = 0, -3*o + 246 = -2*r. Let w = b - r. What is the tens digit of w?
7
Let m be 9 + (-2 - (3 + -1)). Suppose 5*t + 4*v = -0*v + 65, m*v = 25. What is the units digit of 6870/42 - t/(-21)?
4
Let r = 26169 - 18582. What is the thousands digit of r?
7
Let z be 80/(-45)*-21*6. Suppose 3*u - 283 = z. Let l = -28 + u. What is the tens digit of l?
4
Suppose 3*r - r + 5*p - 695 = 0, r - 3*p - 331 = 0. Suppose 0 = -3*h + r + 887. What is the tens digit of h?
0
Suppose 18*v - 2696 = 58. Suppose -13*h + 588 = -v. What is the tens digit of h?
5
What is the units digit of 11/((-1265)/(-3478165)) - 4/(-46)?
5
Let d = 2078 - -2168. What is the tens digit of d?
4
Suppose -5*d = -2*w + 15, 0*d - 12 = -4*w + 4*d. Let a(x) = -x**3 + 2*x - 35. Let j be a(w). Let u = 16 - j. What is the tens digit of u?
5
Suppose -2*s - 4*f - 28 = 0, 3*s + 13*f - 9*f = -34. What is the units digit of 74 + s*7/(-21)?
6
Let z = -7108 + 14530. What is the units digit of z?
2
Suppose 4*d = 3*w + 5*d - 17, 3*w + 5*d - 13 = 0. Let i be -2*7/(-6) - w/(-9). What is the tens digit of i/(((-1)/(-124))/(7/42))?
6
Suppose 60*w + 288*w = 2940600. What is the units digit of w?
0
Let u = 134 - 139. Let j = u - 255. Let l = -66 - j. What is the tens digit of l?
9
Let g = -64 + 38. Let y(t) = 2*t**3 + 51*t**2 - 37*t + 51. What is the tens digit of y(g)?
3
Suppose 4*j = 2*j + 2*d - 4, 2*j - d = -6. What is the units digit of (7180/15 - -2)*(-6)/j?
1
Let q = 130 - 85. Suppose -4*p + 3*f - 5*f + 56 = 0, 3*p + 3*f - q = 0. What is the tens digit of p?
1
What is the hundreds digit of (-26)/52 + 331110/20?
5
Let v be ((-18)/12)/(-3 + (-14796)/(-4936)). Suppose -5*o + 2203 + 897 = -2*n, -o + n + v = 0. What is the hundreds digit of o?
6
Let j = -685 - -687. Let w be 0*((-36)/(-16) - 2). Suppose w = 3*g + j*y - 377, 2*g = -g - 5*y + 380. What is the tens digit of g?
2
Suppose 4*x + o - 46498 = 0, -26*x + 21*x = 2*o - 58121. What is the ten thousands digit of x?
1
Let w = 1748 + -600. Let b = 1772 - w. What is the tens digit of b?
2
Let y be (3915/12)/(8/256). Suppose -23*w + y = -3*w. What is the tens digit of w?
2
Suppose 49*y + 3960 = -6*y. What is the hundreds digit of (y/(-16))/(-3)*-354?
5
Suppose 3*q - 44683 = -q + 138381. What is the thousands digit of q?
5
Let q(i) = -i**3 - i + 4. Let p be q(0). Let h(f) = 6 + 2*f**2 + p*f - 12 - f**3 + 13. What is the units digit of h(-3)?
0
Suppose 24*q = 2*b + 29*q + 15, 5*b - q = -24. What is the units digit of 977 - (b/4 + 6/(-8))?
9
Let k = -15374 - -31314. What is the hundreds digit of k?
9
Let a(b) = -b**3 - 3*b**2 + b + 3. Let g be a(5). Let r be g/(-36) - (-2)/(-6). Suppose -4 = -4*n, 3*n + 55 = -r*t + 463. What is the units digit of t?
1
Let j = -21118 - -38091. What is the hundreds digit of j?
9
Suppose -3*k + 5*x = -23201, -33*x = 2*k - 30*x - 15480. What is the hundreds digit of k?
7
Let b be (-3)/3*(2 + -7). Let x(g) = g**3 + 9*g**2 - g + 19. Let s be x(-5). Suppose -l - 18 + s = b*t, 2*t = l - 71. What is the tens digit of l?
8
Let o = -48 + 53. Suppose o*i = 2*i + 1272. Let b = i + -250. What is the hundreds digit of b?
1
Let v(a) = 4*a + 103. Let q be ((-234)/(-42))/13 - 39/(-7). What is the hundreds digit of v(q)?
1
Let r(y) be the first derivative of 5*y**2/2 - 27*y + 10. Let c be r(6). Suppose c*v - 6*v + 228 = 0. What is the units digit of v?
6
Suppose -650 = -b + 3*s, b + 2*s - 644 = 3*s. Suppose -4*f - 193 = -b. Suppose -f = -3*i - 5*i. What is the tens digit of i?
1
Suppose 2*u + 0*u = 2*d + 12, -2*d - 8 = -4*u. What is the units digit of (8 - 3)/(d/(-24))?
5
Suppose 0 = 2*k + 2*w + 2*w - 5356, -k + w + 2675 = 0. Suppose -8*d = 5*a - 11*d - k, 0 = 3*a - d - 1604. What is the tens digit of a?
3
Let q = -378 - -372. Let c(m) = -146*m - 111. What is the hundreds digit of c(q)?
7
Let g(j) = -j**3 - 35*j**2 + 130*j + 54. What is the ten thousands digit of g(-46)?
1
Let w(z) be the first derivative of -10*z**2 - 7*z + 91. What is the tens digit of w(-5)?
9
Let x(n) = n**2 - 13*n + 17. Let l be x(12). Suppose m = l*m - 228. Let g = m - -20. What is the units digit of g?
7
Let m(b) = 4*b**2 - 84*b - 817. What is the thousands digit of m(-32)?
5
Let q(h) = 12*h**3 - 10*h**2 + 9*h - 6. Let a be q(6). Suppose -19*r + 27*r = a. What is the hundreds digit of r?
2
Suppose 0 = 3*b, 5*q - 11 = b - 1. Suppose 0 = -6*r - q*r - 1568. Let a = r - -328. What is the tens digit of a?
3
Let i = 49 - 34. Let l be (-6)/(-39) + i/(-13). What is the units digit of ((-2)/4*2)/l?
1
Let o = -2765 - -6492. What is the thousands digit of o?
3
Let b = -38346 - -74490. What is the tens digit of b?
4
Let u(v) = 14323*v**2 - 16*v + 2. What is the units digit of u(1)?
9
What is the units digit of (2*125174/(-21))/(10/(-15))?
2
Let n(f) = 9*f**2 - 40*f + 1117. What is the hundreds digit of n(35)?
7
Let s(d) = 5*d**3 - 6*d**2 + 2*d + 92. Let a(f) = 6*f**3 - 7*f**2 + 3*f + 91. Let n(h) = -4*a(h) + 5*s(h). What is the tens digit of n(0)?
9
Let m(t) = 47*t**2 - 457*t + 66. What is the tens digit of m(37)?
0
Let w(o) be the third derivative of 521*o**6/120 + o**4/6 - o**3/2 - 5*o**2 - 5*o. What is the tens digit of w(1)?
2
Suppose 0 = -2*r - q + 9204, 13807 = 3*r + 14*q - 13*q. What is the thousands digit of r?
4
Suppose 60 - 48 = 6*i. Suppose f = 4*j + 185, -4*f - j + 665 = -i*j. What is the hundreds digit of f?
1
Let r = 68 - 40. Let n = r + -24. Suppose -n*i = -0*i - 3*l - 89, l - 83 = -3*i. What is the tens digit of i?
2
Let g(v) = -v**3 + 9*v**2 - 18*v - 2. Let s be g(9). What is the units digit of s/3*18/(-4)?
6
Let n(s) = 5*s + 65. Let z be n(-13). Suppose z = -119*m + 106*m + 9243. What is the hundreds digit of m?
7
Let i = -5 + 11. Let x = -426 - -495. Suppose 0 = 3*v - i*v + x. What is the units digit of v?
3
Suppose 0 = n - 9*m + 7*m - 425, 3*m = -2*n + 885. Let t = -87 + n. What is the tens digit of t?
4
Let a(f) = 5 + 309*f - 256*f - 4. Let y be 1*3 - (-3 - -5). What is the tens digit of a(y)?
5
Let m = 52 - -372. Suppose 27 + m = 11*x. What is the units digit of x?
1
Let x = 43693 - 1346. What is the hundreds digit of x?
3
Suppose -6 = -5*j + 2*j, -2*a = 3*j - 1182. What is the hundreds digit of (-8 - a/(-9))/((-2)/(-12))?
3
Suppose 4*t - 12 = -2*n, -9 + 0 = -n - 5*t. Let y(r) = -5 - r**2 - n*r**2 + 3*r**2 - 22*r + r**2. What is the tens digit of y(-18)?
6
Let c = 55 + -38. Suppose 0 = 4*l + 5 - c. Suppose m + l = 7. What is the units digit of m?
4
Suppose 4 = 4*s, -4*v - 4*s + 5 + 15 = 0. Let f be (3/(-1))/(v/(24/(-9))). Suppose 4*c + 3*q = -6 + 25, f*c - 4*q + 18 = 0. What is the units digit of c?
1
Suppose -99*u + 1805103 = -8*u + 76*u. What is the units digit of u?
9
Let b be 1/(-6) - 5/(-30). Suppose o - 247 = -3*w, -o + 5*w + 263 = -b*w. What is the units digit of o?
3
Let b(w) = 112*w**2 + 17*w - 111. What is the thousands digit of b(-10)?
0
Let d(y) = -4*y**3 - 33*y**2 + 18*y - 20. Let z(o) = 3*o**3 + 32*o**2 - 18*o + 21. Let u(m) = 4*d(m) + 5*z(m). What is the units digit of u(27)?
8
Let d(t) = 2*t**2 - 15*t - 33. Let w = 164 + -114. Let l = -57 + w. What is the hundreds digit of d(l)?
1
Let s(j) = 47*j**2 - 62*j - 459. What is the units digit of s(-22)?
3
Let s be (-2 - 4)*8/12. Let z be 1 + s + -39 - -2. What is the units digit of z*-3*(-5)/(-4)?
0
Let h(s) be the first